e factors of x?
2, 13, 41
Suppose 5*i = -2*v + 40625, 81334 = 4*v - 12*i + 10*i. What are the prime factors of v?
2, 5, 19, 107
Let k(n) = -2*n + 21. Let f be k(9). Suppose -f*g - 4*c = -2*g + 41, -8 = 2*c. List the prime factors of (40/g)/(1/(-35)).
2, 7
Let s(w) = 18*w**3 + 32*w**2 + 13*w + 21. Let x(t) = -6*t**3 - 11*t**2 - 4*t - 7. Let o(i) = -6*s(i) - 17*x(i). List the prime factors of o(-5).
2, 167
Suppose -2*k + 25 = 5*u, 5*u + 5 = -2*k + 6*k. Suppose 4*f = 24 - 8, -d = u*f - 411. What are the prime factors of d?
3, 7, 19
Let r = 4092 + 18451. What are the prime factors of r?
22543
Let q = -1122 - -2161. Let s = -605 + q. List the prime factors of s.
2, 7, 31
Let r = 21277 + -12296. What are the prime factors of r?
7, 1283
Suppose -3603 + 533 = -10*x. Let f = x + -491. List the prime factors of (-3)/(3/f) + 5.
3, 7
Let s = -194 - -215. Suppose -41 = -10*q - s. What are the prime factors of q?
2
Suppose -59688 = 23*v + 7909. Let w = v + 4192. What are the prime factors of w?
7, 179
Let y = 82 + 58. Suppose -2*o = -516 - y. List the prime factors of o.
2, 41
Let g = 2407 + -1000. Suppose 22*c - 21*c = g. List the prime factors of c.
3, 7, 67
Suppose 5*y - 14 = -3*m, 2*m + 15 = 3*y - 1. Let p be 422*1 + (2 - (m + 5)). Suppose -p = 12*n - 1165. List the prime factors of n.
2, 31
Let j = 9513 + -1529. What are the prime factors of j?
2, 499
Let h(m) = -2*m**3 - 16*m**2 + 19*m + 9. Let y be h(-9). Suppose -23*b - 8*b + 9269 = y. List the prime factors of b.
13, 23
Let c(x) = 131*x**3 + 8*x**2 - 64*x + 91. List the prime factors of c(7).
2, 7, 11, 73
Suppose 9*p + 275 = -2*p. Let m = p - -227. List the prime factors of m.
2, 101
Suppose 5*q + 3*t - 77 = 0, 6*q + 2*t + 44 = 10*q. Suppose q*z - 6 = 10*z. List the prime factors of (-30)/(-6) + 2*z.
3
Suppose 4*f - 136398 - 65734 = -4*z, 5*f - 3*z - 252601 = 0. List the prime factors of f.
5, 43, 47
What are the prime factors of 217377/18 - 28/(-8)?
2, 5, 151
Suppose -a - 2 + 4 = 0. Suppose -218*s + 386*s - 54 = 222*s. What are the prime factors of ((-4)/s + 20)*a?
2, 3
Suppose s + 5823 - 6082 = 13336. What are the prime factors of s?
5, 2719
Suppose 0 = 12*g + 1017 + 3999. Let l = 750 + g. List the prime factors of l.
2, 83
Let n = 766 + 3999. Suppose -2*w - q + 2*q + 1899 = 0, -5*w = q - n. List the prime factors of w.
2, 7, 17
Let m(g) = g**3 - 7*g**2 - 9*g - 2. Let v be m(8). Let d = -7 - v. Suppose -r - 3*x = x + 6, -d*r + x = -8. What are the prime factors of r?
2
Let p(a) = -14062*a - 3175. List the prime factors of p(-2).
61, 409
What are the prime factors of 14790/204*((-42544)/10)/(-4)?
29, 2659
Let p = -333 + 338. Suppose 0 = r + 5*a - 115, -p*r - 2*a + 249 = -211. What are the prime factors of r?
2, 3, 5
Let g = -100 + 100. Suppose g = 5*f - 305 + 190. What are the prime factors of f?
23
Suppose -7*h + 184587 = -143510. What are the prime factors of h?
11, 4261
Let d = -17 - -18. Let l be (3 + -1)/(d + (-6)/18). What are the prime factors of (l + (-200)/6)/(2/(-6))?
7, 13
Let x(l) = 2*l**3 - l + 63195. What are the prime factors of x(0)?
3, 5, 11, 383
Suppose 602*c - 598*c = 12. Suppose -4*f + 2*m - 113 = -427, -c*f + 5*m + 232 = 0. What are the prime factors of f?
79
Let d = 9083 + -9084. Suppose 4*j + 241 = -135. List the prime factors of d*(-5 - -4) - j/2.
2, 3
Suppose -10*u - 5*m = -8*u - 7, 12 = -4*m. Suppose u*g = 40*g - 4872. What are the prime factors of g?
2, 3, 7
Let v be (0/(5 - 6))/(-3). Suppose v = -4*s + 7*s - 2733. List the prime factors of s.
911
Suppose 7*t = 23 + 12. Suppose -629 = -k + 3*r, 4*k = t*r - 6*r + 2516. List the prime factors of k.
17, 37
Let b = 32779 + -15987. What are the prime factors of b?
2, 2099
Let s(k) = -k**3 - 2*k**2 - 2*k + 2. Let j be s(-2). Let g be (-12468)/(-21) + j/21. Suppose 0 = -6*f - 5*f + g. What are the prime factors of f?
2, 3
Suppose 0 = -69*z + 72*z - 3. List the prime factors of z/(621/155 + -5 + 1).
5, 31
Let a be 8/(-12) - (-260)/(-6). Let x be 5*-1*a/(-22). What are the prime factors of x/(-40) + (-2)/((-16)/1126)?
3, 47
Let o(c) = -7*c + 161. Let x be o(24). List the prime factors of ((-81)/12 - x)/(1/2084).
521
Let f be 138/6 + 1 + 1. Suppose 27 = -c + f. Let n(o) = -7*o - 5. What are the prime factors of n(c)?
3
Suppose -4020 = -60*c + 55*c. Suppose -103 = j - c. List the prime factors of j.
701
Let z(c) = 5*c**2 - 13*c - 31. Let p be z(-5). Suppose -3*m = y - 5*y + 198, 3*y = -3*m + p. List the prime factors of y.
3, 17
Let b = 39269 - 33639. List the prime factors of b.
2, 5, 563
Suppose -3*m + 0 = -s - 3, 5*s - 19 = -2*m. Let b(w) = -w**2 + 2*w + 6. Let l be b(s). Suppose 4 = u, l*d + 7*u - 4*u - 699 = 0. List the prime factors of d.
229
Suppose -4*b + t = 5*t + 4, 0 = -t + 3. Suppose 7*c - 4*f - 9 = 6*c, -3*f + 3 = -4*c. What are the prime factors of (c/(6/b))/((-2)/(-41))?
41
Let a(h) = 62*h**2 + 159*h + 635. List the prime factors of a(-26).
107, 359
Let q = -4008 - -7227. What are the prime factors of q?
3, 29, 37
Suppose 5*w = a + 285901, 4*w - 110*a - 228725 = -105*a. What are the prime factors of w?
2, 3, 5, 953
Suppose 5*c = -751 - 154. Let p = c - -81. List the prime factors of (-17360)/p + (-2)/(-5).
2, 3, 29
Suppose -3*m = 1 - 16. Suppose -m*n - 5*x = -35, 4*x + 0 = n + 18. Suppose -n*g + 4*a + 96 = -g, 3*g - 302 = -2*a. What are the prime factors of g?
2, 5
Suppose -h - 231 = 3*d + 2*h, 0 = 2*h. Let r = -73 - d. Suppose 0 = r*a + 97 - 393. What are the prime factors of a?
2, 37
Suppose -3*o + 438 = -684. Let c = o - 282. List the prime factors of c.
2, 23
Suppose 9 = 20*u - 17*u. Suppose -2*y = a - u*y - 224, y = 1. What are the prime factors of a?
3, 5
Let z be 0 + -1 - (22 - 26). Suppose 0 = 3*x - z, 1816 = 2*w - x - x. List the prime factors of w.
3, 101
Let w = 3 - 3. Suppose -13*v + 1638 = -w*v. List the prime factors of v.
2, 3, 7
Suppose -2*m = 4*q - 94, -2*m = -3*m + 5*q + 33. Let w = m - 87. Let p = 135 - w. List the prime factors of p.
179
Suppose 320 = -12*z + 4*z. Let j = 64 + z. What are the prime factors of ((-49)/7 - -17)/(2/j)?
2, 3, 5
Suppose 17*t - 14*t = 3786. Let p = t + -584. What are the prime factors of p?
2, 3, 113
Let q(y) = 169*y + 6. Suppose -7*s - 36 + 50 = 0. List the prime factors of q(s).
2, 43
Let w(u) = -1065*u - 971. List the prime factors of w(-4).
11, 13, 23
Suppose h - 25 = -4*h. Suppose h*k + 2*k - 3430 = 0. List the prime factors of k.
2, 5, 7
Let o be ((-45)/3)/3 + 9. Suppose 0 = 9*a - 4*a - q - 2839, 2256 = o*a + 3*q. List the prime factors of a.
3, 7
Let n = -466 + 511. Suppose -27025 = -68*i + n*i. List the prime factors of i.
5, 47
Let g(a) = 191*a**3 + 2*a**2 - 120*a + 805. What are the prime factors of g(6)?
41413
Let g(u) = u**3 + 2*u**2 + 5. Let m be g(-3). Let d be (m/(-4) - 1) + 2. Suppose -d*v + 216 - 36 = 0. What are the prime factors of v?
2, 3, 5
Let l(u) be the second derivative of 3*u**4/4 - u**3/3 + 2*u**2 + 73*u - 2. Let n be (4/(-6))/(1/6). List the prime factors of l(n).
2, 3, 13
Let k = 26487 - 15101. What are the prime factors of k?
2, 5693
Let h(w) = -6*w**3 + 3*w**2 + w - 14. Let c(x) = 15*x + 355. Let i be c(-24). List the prime factors of h(i).
2, 13, 31
Let w = 73773 + -38513. List the prime factors of w.
2, 5, 41, 43
Let m(r) = -r + 191. Suppose -c - s - s = -45, -5*c + 3*s + 160 = 0. What are the prime factors of m(c)?
2, 3, 13
Let d be 24/10 + (-2 - 26/(-10)). Suppose -5*z = -5*h + 2380, -3*h - 2*z = d*z - 1404. Suppose 13 + h = 3*p. List the prime factors of p.
2, 3
List the prime factors of 1 - -5548 - (30 + -46 - -12).
3, 617
Let s(j) = 15*j**3 - 7*j**2 + 16*j - 10. Let x = -99 - -103. List the prime factors of s(x).
2, 11, 41
Suppose -2*h - 5*n + 37 = 2*h, 20 = 4*n. Let a(p) = 2*p**3 + 4*p + 12*p - p**2 - 10*p + 3. What are the prime factors of a(h)?
2, 3, 11
Suppose 2*a = -3*l + 35320, -252*l = -247*l + 10. List the prime factors of a.
17, 1039
Let n be (1 - 3)*(9 - 10). Suppose 5*b - 7 = 3*z + 3, 0 = -n*b - 2*z + 20. Suppose -4*t + b = -3. List the prime factors of t.
2
Let n(l) = 470*l - 1712. What are the prime factors of n(13)?
2, 3, 733
Let x = 41 + -39. Let j(u) = 3*u**3 - 12*u + u**x + 16*u - 3 - 5. List the prime factors of j(3).
2, 47
Suppose 1033 + 57 = 4*g + 3*z, -2*g + 5*z = -532. Let n = 110 - g. Let k = n - -268. Lis